{"id":78,"date":"2022-12-06T17:03:42","date_gmt":"2022-12-06T17:03:42","guid":{"rendered":"https:\/\/vineyard-nuernberg.org\/cms\/?page_id=78"},"modified":"2023-01-31T14:33:53","modified_gmt":"2023-01-31T14:33:53","slug":"vineyard-bewegung","status":"publish","type":"page","link":"https:\/\/vineyard-nuernberg.org\/cms\/index.php\/vineyard-bewegung\/","title":{"rendered":"Vineyard Bewegung"},"content":{"rendered":"<div id=\"pl-78\"  class=\"panel-layout\" ><div id=\"pg-78-0\"  class=\"panel-grid panel-no-style\" ><div id=\"pgc-78-0-0\"  class=\"panel-grid-cell\" ><div id=\"panel-78-0-0-0\" class=\"so-panel widget widget_sow-editor panel-first-child panel-last-child\" data-index=\"0\" ><div\n\t\t\t\n\t\t\tclass=\"so-widget-sow-editor so-widget-sow-editor-base\"\n\t\t\t\n\t\t>\n<div class=\"siteorigin-widget-tinymce textwidget\">\n\t<p>Von John Wimber in den siebziger Jahren in Kalifornien gegr\u00fcndet, ist Vineyard heute eine weltweite Bewegung. Inzwischen z\u00e4hlen sich weit mehr als 2.000 Gemeinden dazu. Als Vineyard N\u00fcrnberg sind wir ein Teil des deutschsprachigen Vineyard-Netzwerks\u00a0<a href=\"http:\/\/www.vineyard-dach.net\/\" target=\"_blank\" rel=\"noopener\">Vineyard D.A.CH<\/a>.<\/p>\n<p>Die Vineyard Bewegung ist keine klassische Freikirche sondern (wie der Namen schon sagt) eine Bewegung. Deswegen gibt es Vineyards auch in der katholischen und in der evangelischen Kirche, genauso wie Vineyards mit freikirchlichem Charakter.<\/p>\n<p>&nbsp;<\/p>\n<p><strong>Was bedeutet Vineyard?<\/strong><\/p>\n<p>Vineyard hei\u00dft auf Deutsch Weinberg.<\/p>\n<p>Der Name bezieht sich auf die Bibelstelle in Jessaja 27, 2-6: Die Gemeinde ist wie ein Weinberg und Gott der Vater ist wie der Weing\u00e4rtner.<\/p>\n<p>Vorbereitung des Bodens, S\u00e4en, Bewirtschaften, Beschneiden, Wachsen, Ernten aber auch die Sch\u00f6nheit und Freude des Weins genie\u00dfen. So soll es auch in der Gemeinde sein. Es gibt f\u00fcr jeden Menschen einen Platz in diesem Weinberg. Gott nimmt jeden Menschen an und liebt ihn unabh\u00e4ngig von seiner Leistung. Das haben auch wir in der Vineyard N\u00fcrnberg immer wieder erlebt und m\u00f6chten es gerne mit jedem teilen, der daran interessiert ist.<\/p>\n<\/div>\n<\/div><\/div><\/div><\/div><\/div>","protected":false},"excerpt":{"rendered":"<p>Von John Wimber in den siebziger Jahren in Kalifornien gegr\u00fcndet, ist Vineyard heute eine weltweite Bewegung. Inzwischen z\u00e4hlen sich weit mehr als 2.000 Gemeinden dazu. Als Vineyard N\u00fcrnberg sind wir ein Teil des deutschsprachigen Vineyard-Netzwerks\u00a0Vineyard D.A.CH. Die Vineyard Bewegung ist keine klassische Freikirche sondern (wie der Namen schon sagt) eine Bewegung. Deswegen gibt es Vineyards &hellip; <\/p>\n<p class=\"link-more\"><a href=\"https:\/\/vineyard-nuernberg.org\/cms\/index.php\/vineyard-bewegung\/\" class=\"more-link\"><span class=\"screen-reader-text\">\u201eVineyard Bewegung\u201c <\/span>weiterlesen<\/a><\/p>\n","protected":false},"author":1,"featured_media":0,"parent":0,"menu_order":0,"comment_status":"closed","ping_status":"closed","template":"","meta":{"footnotes":""},"class_list":["post-78","page","type-page","status-publish","hentry"],"_links":{"self":[{"href":"https:\/\/vineyard-nuernberg.org\/cms\/index.php\/wp-json\/wp\/v2\/pages\/78","targetHints":{"allow":["GET"]}}],"collection":[{"href":"https:\/\/vineyard-nuernberg.org\/cms\/index.php\/wp-json\/wp\/v2\/pages"}],"about":[{"href":"https:\/\/vineyard-nuernberg.org\/cms\/index.php\/wp-json\/wp\/v2\/types\/page"}],"author":[{"embeddable":true,"href":"https:\/\/vineyard-nuernberg.org\/cms\/index.php\/wp-json\/wp\/v2\/users\/1"}],"replies":[{"embeddable":true,"href":"https:\/\/vineyard-nuernberg.org\/cms\/index.php\/wp-json\/wp\/v2\/comments?post=78"}],"version-history":[{"count":3,"href":"https:\/\/vineyard-nuernberg.org\/cms\/index.php\/wp-json\/wp\/v2\/pages\/78\/revisions"}],"predecessor-version":[{"id":439,"href":"https:\/\/vineyard-nuernberg.org\/cms\/index.php\/wp-json\/wp\/v2\/pages\/78\/revisions\/439"}],"wp:attachment":[{"href":"https:\/\/vineyard-nuernberg.org\/cms\/index.php\/wp-json\/wp\/v2\/media?parent=78"}],"curies":[{"name":"wp","href":"https:\/\/api.w.org\/{rel}","templated":true}]}}